{"id":12186,"date":"2024-09-17T15:48:09","date_gmt":"2024-09-17T13:48:09","guid":{"rendered":"https:\/\/www.domaine-prairiesdelamer.com\/?page_id=12186"},"modified":"2025-09-16T15:04:54","modified_gmt":"2025-09-16T13:04:54","slug":"the-scallop-festival-in-calvados","status":"publish","type":"page","link":"https:\/\/mirabel-prairiesdelamer.com\/en\/la-fete-de-la-coquille-saint-jacques-dans-le-calvados\/","title":{"rendered":"Scallop Festival in Calvados"},"content":{"rendered":"<h1 class=\"wp-block-heading\">Scallop Festival in Calvados<\/h1>\n\n\n\n<h2 class=\"wp-block-heading has-text-align-center\"><strong>Every year, the scallop returns to Calvados like a star. We're talking, of course, about the Coquille Saint Jacques. From October to December, the coasts of Calvados celebrate the region's flagship product. This is our vacation idea for a gastronomic weekend in Normandy.<\/strong><\/h2>\n\n\n\n<figure class=\"wp-block-image aligncenter size-full\"><img loading=\"lazy\" decoding=\"async\" width=\"50\" height=\"8\" src=\"https:\/\/www.mirabel-prairiesdelamer.com\/wp-content\/uploads\/2023\/09\/image.png\" alt=\"\" class=\"wp-image-12144\"\/><\/figure>\n\n\n\n<div class=\"wp-block-media-text alignwide is-stacked-on-mobile\" style=\"grid-template-columns:48% auto\"><figure class=\"wp-block-media-text__media\"><img loading=\"lazy\" decoding=\"async\" width=\"800\" height=\"485\" src=\"https:\/\/www.mirabel-prairiesdelamer.com\/wp-content\/uploads\/2023\/09\/coquilles-saint-jacques-fete-de-la-coquille-2.jpg\" alt=\"scallop festival calvados\" class=\"wp-image-12181 size-full\" srcset=\"https:\/\/mirabel-prairiesdelamer.com\/wp-content\/uploads\/2023\/09\/coquilles-saint-jacques-fete-de-la-coquille-2.jpg 800w, https:\/\/mirabel-prairiesdelamer.com\/wp-content\/uploads\/2023\/09\/coquilles-saint-jacques-fete-de-la-coquille-2-300x182.jpg 300w, https:\/\/mirabel-prairiesdelamer.com\/wp-content\/uploads\/2023\/09\/coquilles-saint-jacques-fete-de-la-coquille-2-768x466.jpg 768w\" sizes=\"auto, (max-width: 800px) 100vw, 800px\" \/><\/figure><div class=\"wp-block-media-text__content\">\n<h3 class=\"wp-block-heading\"><strong>The Normandy Scallop<\/strong><\/h3>\n\n\n\n<p><\/p>\n\n\n\n<p>A true emblem of the region, <strong>Scallops<\/strong> is unquestionably THE number 1 product in the<strong> <a href=\"https:\/\/www.normandie-tourisme.fr\/partie-de-peche-a-pied-a-luc-sur-mer\/\" target=\"_blank\" rel=\"noreferrer noopener\">fishing in Normandy<\/a><\/strong>. A highly regulated season <strong>open from 1<sup>er<\/sup> october to may 15 <\/strong>The minimum legal size is 11cm. Every year, hundreds of you come to spend <strong>your weekends in Calvados<\/strong> with your boots and raincoat. &nbsp;<strong>The scallop shell <\/strong>fascinates and, above all, delights your taste buds. Top restaurateurs snap it up every season.<\/p>\n\n\n\n<figure class=\"wp-block-image alignright size-full is-resized\"><img loading=\"lazy\" decoding=\"async\" width=\"320\" height=\"306\" src=\"https:\/\/www.mirabel-prairiesdelamer.com\/wp-content\/uploads\/2022\/01\/Coquillage-1.png\" alt=\"Shell\" class=\"wp-image-2241\" style=\"width:122px;height:117px\" srcset=\"https:\/\/mirabel-prairiesdelamer.com\/wp-content\/uploads\/2022\/01\/Coquillage-1.png 320w, https:\/\/mirabel-prairiesdelamer.com\/wp-content\/uploads\/2022\/01\/Coquillage-1-300x287.png 300w\" sizes=\"auto, (max-width: 320px) 100vw, 320px\" \/><\/figure>\n\n\n\n<p><\/p>\n<\/div><\/div>\n\n\n\n<p><\/p>\n\n\n\n<div class=\"wp-block-media-text alignwide has-media-on-the-right is-stacked-on-mobile is-image-fill-element front-page-section grey\"><div class=\"wp-block-media-text__content\">\n<p><\/p>\n\n\n\n<h3 class=\"wp-block-heading\"><strong>Dates for the F\u00eate de la Coquille in Calvados<\/strong><\/h3>\n\n\n\n<p><\/p>\n\n\n\n<p><strong>The scallop <\/strong>is generating a lot of interest and <strong>many communes have decided to celebrate <\/strong>as it should be. Direct sales from the producer, concerts, exhibitions, local markets, peeling competitions, guided tours, exceptional opening of the <a href=\"https:\/\/www.caenlamer-tourisme.fr\/patrimoine-culturel\/le-phare-de-ouistreham\/\" target=\"_blank\" rel=\"noreferrer noopener\">Ouistreham lighthouse<\/a>, ', of' <strong>many events<\/strong> are the rhythm of these festivities in the 4 corners of the department. Zoom in on the 2025 dates:<\/p>\n\n\n\n<ul class=\"wp-block-list\">\n<li><strong>October 18 and 19 in Ouistreham : <\/strong>Rendezvous at the port for the unmissable \u00abF\u00eate de la Coquille\u00bb, which attracts thousands of visitors every year.<\/li>\n\n\n\n<li><strong>October 24 to 26 in Villers-sur-Mer :<\/strong> is the 30th edition. Concerts, entertainment and fireworks await you!<\/li>\n\n\n\n<li><strong>November 8 and 9 in Port-en-Bessin :<\/strong> \u00abLe Go\u00fbt du Large\u00bb &amp; the \u00abMusique sous les embruns\u00bb festival are on the program for November near Bayeux.<\/li>\n\n\n\n<li><strong>November 22 and 23 at Courseulles-sur-Mer<\/strong>&nbsp;The town celebrates gastronomy every year with its traditional 2-day \u00abF\u00eate de la coquille, des produits de la mer et de la gastronomie\u00bb.<\/li>\n\n\n\n<li><strong>November 29 and 30 at Grandcamp-Maisy<\/strong>&nbsp;Saint Jacques en F\u00eate: come and meet the fishermen of Grandcamp-Maisy.<\/li>\n\n\n\n<li><strong>December 6 and 7 in Trouville-sur-Mer: <\/strong>Rendez-vous for the scallop market near Deauville.<\/li>\n<\/ul>\n<\/div><figure class=\"wp-block-media-text__media\"><img loading=\"lazy\" decoding=\"async\" width=\"1024\" height=\"696\" src=\"https:\/\/mirabel-prairiesdelamer.com\/wp-content\/uploads\/2023\/09\/fete-de-la-coquille-ouistreham-1-1024x696.jpeg\" alt=\"shell festival\" class=\"wp-image-12221 size-full\" style=\"object-position:50% 50%\" srcset=\"https:\/\/mirabel-prairiesdelamer.com\/wp-content\/uploads\/2023\/09\/fete-de-la-coquille-ouistreham-1-1024x696.jpeg 1024w, https:\/\/mirabel-prairiesdelamer.com\/wp-content\/uploads\/2023\/09\/fete-de-la-coquille-ouistreham-1-300x204.jpeg 300w, https:\/\/mirabel-prairiesdelamer.com\/wp-content\/uploads\/2023\/09\/fete-de-la-coquille-ouistreham-1-768x522.jpeg 768w, https:\/\/mirabel-prairiesdelamer.com\/wp-content\/uploads\/2023\/09\/fete-de-la-coquille-ouistreham-1-1536x1044.jpeg 1536w, https:\/\/mirabel-prairiesdelamer.com\/wp-content\/uploads\/2023\/09\/fete-de-la-coquille-ouistreham-1.jpeg 2048w\" sizes=\"auto, (max-width: 1024px) 100vw, 1024px\" \/><\/figure><\/div>\n\n\n\n<p><\/p>\n\n\n\n<div class=\"wp-block-group is-vertical is-layout-flex wp-container-core-group-is-layout-fe9cc265 wp-block-group-is-layout-flex\"><\/div>\n\n\n\n<div class=\"wp-block-media-text alignwide is-stacked-on-mobile animate left\"><figure class=\"wp-block-media-text__media\"><img loading=\"lazy\" decoding=\"async\" width=\"1024\" height=\"682\" src=\"https:\/\/www.mirabel-prairiesdelamer.com\/wp-content\/uploads\/2023\/09\/plat-gastronomie-coquille-saint-jacques-1024x682.jpg\" alt=\"gastronomy dish scallop recipe\" class=\"wp-image-12192 size-full\" srcset=\"https:\/\/mirabel-prairiesdelamer.com\/wp-content\/uploads\/2023\/09\/plat-gastronomie-coquille-saint-jacques-1024x682.jpg 1024w, https:\/\/mirabel-prairiesdelamer.com\/wp-content\/uploads\/2023\/09\/plat-gastronomie-coquille-saint-jacques-300x200.jpg 300w, https:\/\/mirabel-prairiesdelamer.com\/wp-content\/uploads\/2023\/09\/plat-gastronomie-coquille-saint-jacques-768x512.jpg 768w, https:\/\/mirabel-prairiesdelamer.com\/wp-content\/uploads\/2023\/09\/plat-gastronomie-coquille-saint-jacques.jpg 1280w\" sizes=\"auto, (max-width: 1024px) 100vw, 1024px\" \/><\/figure><div class=\"wp-block-media-text__content\">\n<p><\/p>\n\n\n\n<h3 class=\"wp-block-heading\"><strong>Our recipe ideas for scallops<\/strong><\/h3>\n\n\n\n<p>Now that you're fully familiar with <strong>scallop fishing<\/strong> and you've been able to buy the best products on our territory, it's time to get cooking! We've selected a few <strong>recipe ideas<\/strong> that inspired us (especially if you make the recipe, send us a photo \ud83d\ude42 )<\/p>\n\n\n\n<ul class=\"wp-block-list\">\n<li><strong>Scallop cassolette au gratin<\/strong>&nbsp;A quick and easy recipe.<br>&gt; <a href=\"https:\/\/cuisine.journaldesfemmes.fr\/recette\/319462-cassolette-de-saint-jacques-gratinees\">https:\/\/cuisine.journaldesfemmes.fr\/recette\/319462-cassolette-de-saint-jacques-gratinees<\/a> <\/li>\n\n\n\n<li><strong>Pan-fried scallops<\/strong>&nbsp;We're in Normandy, so here's a cider recipe for a 100% local meal! <br>&gt; <a href=\"https:\/\/cuisine.journaldesfemmes.fr\/recette\/354022-noix-de-saint-jacques-sautees-au-cidre-et-aux-endives\">https:\/\/cuisine.journaldesfemmes.fr\/recette\/354022-noix-de-saint-jacques-sautees-au-cidre-et-aux-endives<\/a><\/li>\n\n\n\n<li><strong>Scallop skewers<\/strong>&nbsp;Summer: we're extending the summer with this recipe that will bring the sun back to your plate. <br>&gt; <a href=\"https:\/\/cuisine.journaldesfemmes.fr\/recette\/332935-brochette-de-saint-jacques\">https:\/\/cuisine.journaldesfemmes.fr\/recette\/332935-brochette-de-saint-jacques<\/a><\/li>\n<\/ul>\n\n\n\n<p><\/p>\n<\/div><\/div>\n\n\n\n<p><\/p>\n\n\n\n<p><\/p>\n\n\n\n<div class=\"wp-block-group card card-body border border-info is-layout-constrained wp-block-group-is-layout-constrained\">\n<div class=\"wp-block-group is-layout-constrained wp-block-group-is-layout-constrained\">\n<div class=\"wp-block-group is-layout-constrained wp-block-group-is-layout-constrained\">\n<div class=\"wp-block-group is-layout-constrained wp-block-group-is-layout-constrained\">\n<div class=\"wp-block-group is-layout-constrained wp-block-group-is-layout-constrained\">\n<h2 class=\"wp-block-heading has-text-align-center\"><strong>Looking for a place to stay during the Shell Festival? <\/strong>in Normandy<strong>&nbsp;?<\/strong><\/h2>\n\n\n\n<figure class=\"wp-block-image aligncenter size-full\"><img loading=\"lazy\" decoding=\"async\" width=\"50\" height=\"8\" src=\"https:\/\/www.mirabel-prairiesdelamer.com\/wp-content\/uploads\/2023\/09\/image.png\" alt=\"\" class=\"wp-image-12144\"\/><\/figure>\n<\/div>\n\n\n\n<p class=\"has-text-align-center\">Our <strong>Camping Mirabel les Prairies de la Mer<\/strong> is open during the <strong>Ouistreham Shellfish Festival<\/strong>. Our <strong><a href=\"https:\/\/mirabel-prairiesdelamer.com\/en\/mobil-homes-rental-normandie\/\" target=\"_blank\" rel=\"noreferrer noopener\">Mobile home rentals<\/a><\/strong> are perfect for an October weekend in Normandy! Choose yours and come and enjoy, before or after the gourmet festivities, the following <strong><a href=\"https:\/\/mirabel-prairiesdelamer.com\/en\/camping-normandie-espace-aquatique\/\" target=\"_blank\" rel=\"noreferrer noopener\">our p<\/a><a href=\"https:\/\/mirabel-prairiesdelamer.com\/en\/camping-normandie-espace-aquatique\/\" target=\"_blank\" rel=\"noreferrer noopener\">i<\/a><a href=\"https:\/\/mirabel-prairiesdelamer.com\/en\/camping-normandie-espace-aquatique\/\" target=\"_blank\" rel=\"noreferrer noopener\">covered scine<\/a><\/strong> and heated or <strong>sauna<\/strong> for lounging.<\/p>\n\n\n\n<figure class=\"wp-block-image aligncenter size-full is-resized\"><a href=\"https:\/\/mirabel-prairiesdelamer.com\/en\/mobil-homes-rental-normandie\/\" target=\"_blank\" rel=\"noreferrer noopener\"><img loading=\"lazy\" decoding=\"async\" width=\"700\" height=\"467\" src=\"https:\/\/www.mirabel-prairiesdelamer.com\/wp-content\/uploads\/2023\/02\/mobil-home-location-vacances.jpg\" alt=\"fully-equipped mobile home vacation rentals\" class=\"wp-image-10804\" style=\"width:504px;height:336px\" srcset=\"https:\/\/mirabel-prairiesdelamer.com\/wp-content\/uploads\/2023\/02\/mobil-home-location-vacances.jpg 700w, https:\/\/mirabel-prairiesdelamer.com\/wp-content\/uploads\/2023\/02\/mobil-home-location-vacances-300x200.jpg 300w\" sizes=\"auto, (max-width: 700px) 100vw, 700px\" \/><\/a><\/figure>\n<\/div>\n<\/div>\n<\/div>\n<\/div>","protected":false},"excerpt":{"rendered":"<p>La F\u00eate de la Coquille Saint-Jacques dans le Calvados Chaque ann\u00e9e, elle revient telle une v\u00e9ritable star dans le Calvados. [&hellip;]<\/p>\n","protected":false},"author":2,"featured_media":0,"parent":0,"menu_order":0,"comment_status":"closed","ping_status":"closed","template":"","meta":{"_seopress_robots_primary_cat":"","_seopress_titles_title":"La F\u00eate de la Coquille Saint Jacques dans le Calvados","_seopress_titles_desc":"Chaque ann\u00e9e, la star de la p\u00eache en Normandie, la Coquille Saint Jacques est de retour ! D'octobre \u00e0 mai, la saison bat son plein et de nombreuses f\u00eates sont organis\u00e9es sur les c\u00f4tes normandes et notamment la F\u00eate de la Coquille \u00e0 Ouistreham. Venez passer un week-end dans notre Camping Mirabel Les Prairies de la Mer en location de mobil-home et profitez de la f\u00eate.","_seopress_robots_index":"","footnotes":""},"class_list":["post-12186","page","type-page","status-publish","hentry"],"_links":{"self":[{"href":"https:\/\/mirabel-prairiesdelamer.com\/en\/wp-json\/wp\/v2\/pages\/12186","targetHints":{"allow":["GET"]}}],"collection":[{"href":"https:\/\/mirabel-prairiesdelamer.com\/en\/wp-json\/wp\/v2\/pages"}],"about":[{"href":"https:\/\/mirabel-prairiesdelamer.com\/en\/wp-json\/wp\/v2\/types\/page"}],"author":[{"embeddable":true,"href":"https:\/\/mirabel-prairiesdelamer.com\/en\/wp-json\/wp\/v2\/users\/2"}],"replies":[{"embeddable":true,"href":"https:\/\/mirabel-prairiesdelamer.com\/en\/wp-json\/wp\/v2\/comments?post=12186"}],"version-history":[{"count":39,"href":"https:\/\/mirabel-prairiesdelamer.com\/en\/wp-json\/wp\/v2\/pages\/12186\/revisions"}],"predecessor-version":[{"id":16192,"href":"https:\/\/mirabel-prairiesdelamer.com\/en\/wp-json\/wp\/v2\/pages\/12186\/revisions\/16192"}],"wp:attachment":[{"href":"https:\/\/mirabel-prairiesdelamer.com\/en\/wp-json\/wp\/v2\/media?parent=12186"}],"curies":[{"name":"wp","href":"https:\/\/api.w.org\/{rel}","templated":true}]}}

<h1 class="wp-block-heading">Scallop Festival in Calvados</h1>



<h2 class="wp-block-heading has-text-align-center"><strong>Every year, the scallop returns to Calvados like a star. We're talking, of course, about the Coquille Saint Jacques. From October to December, the coasts of Calvados celebrate the region's flagship product. This is our vacation idea for a gastronomic weekend in Normandy.</strong></h2>



<figure class="wp-block-image aligncenter size-full"><img loading="lazy" decoding="async" width="50" height="8" src="https://www.mirabel-prairiesdelamer.com/wp-content/uploads/2023/09/image.png" alt="" class="wp-image-12144"/></figure>



<div class="wp-block-media-text alignwide is-stacked-on-mobile" style="grid-template-columns:48% auto"><figure class="wp-block-media-text__media"><img loading="lazy" decoding="async" width="800" height="485" src="https://www.mirabel-prairiesdelamer.com/wp-content/uploads/2023/09/coquilles-saint-jacques-fete-de-la-coquille-2.jpg" alt="scallop festival calvados" class="wp-image-12181 size-full" srcset="https://mirabel-prairiesdelamer.com/wp-content/uploads/2023/09/coquilles-saint-jacques-fete-de-la-coquille-2.jpg 800w, https://mirabel-prairiesdelamer.com/wp-content/uploads/2023/09/coquilles-saint-jacques-fete-de-la-coquille-2-300x182.jpg 300w, https://mirabel-prairiesdelamer.com/wp-content/uploads/2023/09/coquilles-saint-jacques-fete-de-la-coquille-2-768x466.jpg 768w" sizes="auto, (max-width: 800px) 100vw, 800px" /></figure><div class="wp-block-media-text__content">
<h3 class="wp-block-heading"><strong>The Normandy Scallop</strong></h3>



<p></p>



<p>A true emblem of the region, <strong>Scallops</strong> is unquestionably THE number 1 product in the<strong> <a href="https://www.normandie-tourisme.fr/partie-de-peche-a-pied-a-luc-sur-mer/" target="_blank" rel="noreferrer noopener">fishing in Normandy</a></strong>. A highly regulated season <strong>open from 1<sup>er</sup> october to may 15 </strong>The minimum legal size is 11cm. Every year, hundreds of you come to spend <strong>your weekends in Calvados</strong> with your boots and raincoat. &nbsp;<strong>The scallop shell </strong>fascinates and, above all, delights your taste buds. Top restaurateurs snap it up every season.</p>



<figure class="wp-block-image alignright size-full is-resized"><img loading="lazy" decoding="async" width="320" height="306" src="https://www.mirabel-prairiesdelamer.com/wp-content/uploads/2022/01/Coquillage-1.png" alt="Shell" class="wp-image-2241" style="width:122px;height:117px" srcset="https://mirabel-prairiesdelamer.com/wp-content/uploads/2022/01/Coquillage-1.png 320w, https://mirabel-prairiesdelamer.com/wp-content/uploads/2022/01/Coquillage-1-300x287.png 300w" sizes="auto, (max-width: 320px) 100vw, 320px" /></figure>



<p></p>
</div></div>



<p></p>



<div class="wp-block-media-text alignwide has-media-on-the-right is-stacked-on-mobile is-image-fill-element front-page-section grey"><div class="wp-block-media-text__content">
<p></p>



<h3 class="wp-block-heading"><strong>Dates for the Fête de la Coquille in Calvados</strong></h3>



<p></p>



<p><strong>The scallop </strong>is generating a lot of interest and <strong>many communes have decided to celebrate </strong>as it should be. Direct sales from the producer, concerts, exhibitions, local markets, peeling competitions, guided tours, exceptional opening of the <a href="https://www.caenlamer-tourisme.fr/patrimoine-culturel/le-phare-de-ouistreham/" target="_blank" rel="noreferrer noopener">Ouistreham lighthouse</a>, ', of' <strong>many events</strong> are the rhythm of these festivities in the 4 corners of the department. Zoom in on the 2025 dates:</p>



<ul class="wp-block-list">
<li><strong>October 18 and 19 in Ouistreham : </strong>Rendezvous at the port for the unmissable «Fête de la Coquille», which attracts thousands of visitors every year.</li>



<li><strong>October 24 to 26 in Villers-sur-Mer :</strong> is the 30th edition. Concerts, entertainment and fireworks await you!</li>



<li><strong>November 8 and 9 in Port-en-Bessin :</strong> «Le Goût du Large» &amp; the «Musique sous les embruns» festival are on the program for November near Bayeux.</li>



<li><strong>November 22 and 23 at Courseulles-sur-Mer</strong>&nbsp;The town celebrates gastronomy every year with its traditional 2-day «Fête de la coquille, des produits de la mer et de la gastronomie».</li>



<li><strong>November 29 and 30 at Grandcamp-Maisy</strong>&nbsp;Saint Jacques en Fête: come and meet the fishermen of Grandcamp-Maisy.</li>



<li><strong>December 6 and 7 in Trouville-sur-Mer: </strong>Rendez-vous for the scallop market near Deauville.</li>
</ul>
</div><figure class="wp-block-media-text__media"><img loading="lazy" decoding="async" width="1024" height="696" src="https://mirabel-prairiesdelamer.com/wp-content/uploads/2023/09/fete-de-la-coquille-ouistreham-1-1024x696.jpeg" alt="shell festival" class="wp-image-12221 size-full" style="object-position:50% 50%" srcset="https://mirabel-prairiesdelamer.com/wp-content/uploads/2023/09/fete-de-la-coquille-ouistreham-1-1024x696.jpeg 1024w, https://mirabel-prairiesdelamer.com/wp-content/uploads/2023/09/fete-de-la-coquille-ouistreham-1-300x204.jpeg 300w, https://mirabel-prairiesdelamer.com/wp-content/uploads/2023/09/fete-de-la-coquille-ouistreham-1-768x522.jpeg 768w, https://mirabel-prairiesdelamer.com/wp-content/uploads/2023/09/fete-de-la-coquille-ouistreham-1-1536x1044.jpeg 1536w, https://mirabel-prairiesdelamer.com/wp-content/uploads/2023/09/fete-de-la-coquille-ouistreham-1.jpeg 2048w" sizes="auto, (max-width: 1024px) 100vw, 1024px" /></figure></div>



<p></p>



<div class="wp-block-group is-vertical is-layout-flex wp-container-core-group-is-layout-fe9cc265 wp-block-group-is-layout-flex"></div>



<div class="wp-block-media-text alignwide is-stacked-on-mobile animate left"><figure class="wp-block-media-text__media"><img loading="lazy" decoding="async" width="1024" height="682" src="https://www.mirabel-prairiesdelamer.com/wp-content/uploads/2023/09/plat-gastronomie-coquille-saint-jacques-1024x682.jpg" alt="gastronomy dish scallop recipe" class="wp-image-12192 size-full" srcset="https://mirabel-prairiesdelamer.com/wp-content/uploads/2023/09/plat-gastronomie-coquille-saint-jacques-1024x682.jpg 1024w, https://mirabel-prairiesdelamer.com/wp-content/uploads/2023/09/plat-gastronomie-coquille-saint-jacques-300x200.jpg 300w, https://mirabel-prairiesdelamer.com/wp-content/uploads/2023/09/plat-gastronomie-coquille-saint-jacques-768x512.jpg 768w, https://mirabel-prairiesdelamer.com/wp-content/uploads/2023/09/plat-gastronomie-coquille-saint-jacques.jpg 1280w" sizes="auto, (max-width: 1024px) 100vw, 1024px" /></figure><div class="wp-block-media-text__content">
<p></p>



<h3 class="wp-block-heading"><strong>Our recipe ideas for scallops</strong></h3>



<p>Now that you're fully familiar with <strong>scallop fishing</strong> and you've been able to buy the best products on our territory, it's time to get cooking! We've selected a few <strong>recipe ideas</strong> that inspired us (especially if you make the recipe, send us a photo 🙂 )</p>



<ul class="wp-block-list">
<li><strong>Scallop cassolette au gratin</strong>&nbsp;A quick and easy recipe.<br>&gt; <a href="https://cuisine.journaldesfemmes.fr/recette/319462-cassolette-de-saint-jacques-gratinees">https://cuisine.journaldesfemmes.fr/recette/319462-cassolette-de-saint-jacques-gratinees</a> </li>



<li><strong>Pan-fried scallops</strong>&nbsp;We're in Normandy, so here's a cider recipe for a 100% local meal! <br>&gt; <a href="https://cuisine.journaldesfemmes.fr/recette/354022-noix-de-saint-jacques-sautees-au-cidre-et-aux-endives">https://cuisine.journaldesfemmes.fr/recette/354022-noix-de-saint-jacques-sautees-au-cidre-et-aux-endives</a></li>



<li><strong>Scallop skewers</strong>&nbsp;Summer: we're extending the summer with this recipe that will bring the sun back to your plate. <br>&gt; <a href="https://cuisine.journaldesfemmes.fr/recette/332935-brochette-de-saint-jacques">https://cuisine.journaldesfemmes.fr/recette/332935-brochette-de-saint-jacques</a></li>
</ul>



<p></p>
</div></div>



<p></p>



<p></p>



<div class="wp-block-group card card-body border border-info is-layout-constrained wp-block-group-is-layout-constrained">
<div class="wp-block-group is-layout-constrained wp-block-group-is-layout-constrained">
<div class="wp-block-group is-layout-constrained wp-block-group-is-layout-constrained">
<div class="wp-block-group is-layout-constrained wp-block-group-is-layout-constrained">
<div class="wp-block-group is-layout-constrained wp-block-group-is-layout-constrained">
<h2 class="wp-block-heading has-text-align-center"><strong>Looking for a place to stay during the Shell Festival? </strong>in Normandy<strong>&nbsp;?</strong></h2>



<figure class="wp-block-image aligncenter size-full"><img loading="lazy" decoding="async" width="50" height="8" src="https://www.mirabel-prairiesdelamer.com/wp-content/uploads/2023/09/image.png" alt="" class="wp-image-12144"/></figure>
</div>



<p class="has-text-align-center">Our <strong>Camping Mirabel les Prairies de la Mer</strong> is open during the <strong>Ouistreham Shellfish Festival</strong>. Our <strong><a href="https://mirabel-prairiesdelamer.com/en/mobil-homes-rental-normandie/" target="_blank" rel="noreferrer noopener">Mobile home rentals</a></strong> are perfect for an October weekend in Normandy! Choose yours and come and enjoy, before or after the gourmet festivities, the following <strong><a href="https://mirabel-prairiesdelamer.com/en/camping-normandie-espace-aquatique/" target="_blank" rel="noreferrer noopener">our p</a><a href="https://mirabel-prairiesdelamer.com/en/camping-normandie-espace-aquatique/" target="_blank" rel="noreferrer noopener">i</a><a href="https://mirabel-prairiesdelamer.com/en/camping-normandie-espace-aquatique/" target="_blank" rel="noreferrer noopener">covered scine</a></strong> and heated or <strong>sauna</strong> for lounging.</p>



<figure class="wp-block-image aligncenter size-full is-resized"><a href="https://mirabel-prairiesdelamer.com/en/mobil-homes-rental-normandie/" target="_blank" rel="noreferrer noopener"><img loading="lazy" decoding="async" width="700" height="467" src="https://www.mirabel-prairiesdelamer.com/wp-content/uploads/2023/02/mobil-home-location-vacances.jpg" alt="fully-equipped mobile home vacation rentals" class="wp-image-10804" style="width:504px;height:336px" srcset="https://mirabel-prairiesdelamer.com/wp-content/uploads/2023/02/mobil-home-location-vacances.jpg 700w, https://mirabel-prairiesdelamer.com/wp-content/uploads/2023/02/mobil-home-location-vacances-300x200.jpg 300w" sizes="auto, (max-width: 700px) 100vw, 700px" /></a></figure>
</div>
</div>
</div>
</div>

<p>La Fête de la Coquille Saint-Jacques dans le Calvados Chaque année, elle revient telle une véritable star dans le Calvados. [&hellip;]</p>

La Fête de la Coquille Saint Jacques dans le Calvados

Chaque année, la star de la pêche en Normandie, la Coquille Saint Jacques est de retour ! D'octobre à mai, la saison bat son plein et de nombreuses fêtes sont organisées sur les côtes normandes et notamment la Fête de la Coquille à Ouistreham. Venez passer un week-end dans notre Camping Mirabel Les Prairies de la Mer en location de mobil-home et profitez de la fête.
