{"id":1265,"date":"2022-01-03T12:35:42","date_gmt":"2022-01-03T11:35:42","guid":{"rendered":"https:\/\/www.campinglarenaudiere.com\/?post_type=hebergement&#038;p=1265"},"modified":"2026-02-25T12:04:14","modified_gmt":"2026-02-25T11:04:14","slug":"vermietung-mobilheim-2-zimmer-weniger-als-30m-4-5p","status":"publish","type":"hebergement","link":"https:\/\/mirabel-prairiesdelamer.com\/de\/hebergement\/location-mobil-home-2-ch-moins30m-4-5p\/","title":{"rendered":"Mobilheim 2 Zimmer"},"content":{"rendered":"<div class=\"wp-block-columns is-layout-flex wp-container-core-columns-is-layout-28f84493 wp-block-columns-is-layout-flex\">\n<div class=\"wp-block-column is-layout-flow wp-block-column-is-layout-flow\" style=\"flex-basis:65%\">\n<p>Diese <strong>Mobilheim der neuesten Generation<\/strong> ist sehr angenehm f\u00fcr eine <strong>4-k\u00f6pfige Familie<\/strong>s mit seinen gro\u00dfen \u00d6ffnungen, seiner ausgestatteten K\u00fcche, seinem Wohnzimmer mit seinem gro\u00dfen zentralen Salon.<\/p>\n\n\n\n<p>Man f\u00fchlt sich dort wohl, die <strong>Elternschlafzimmer<\/strong> ist ebenfalls sehr ger\u00e4umig. Sie verf\u00fcgt au\u00dferdem \u00fcber viel Stauraum f\u00fcr die Sachen der ganzen Familie.<\/p>\n\n\n\n<p>Die <strong>zweite Kammer<\/strong> bietet 2 Einzelbetten, ideal f\u00fcr Kinder.<br><br>Eine <strong>halb\u00fcberdachte Terrasse<\/strong> bietet zahlreiche M\u00f6glichkeiten, die Mahlzeiten zu genie\u00dfen oder mit der Familie bei einem Gesellschaftsspiel sch\u00f6ne Stunden zu verbringen!<\/p>\n\n\n\n<p><em>nicht vertragliche Fotos<\/em><\/p>\n<\/div>\n\n\n\n<div class=\"wp-block-column is-layout-flow wp-block-column-is-layout-flow\" style=\"flex-basis:35%\">\n<div class=\"wp-block-group has-border-color has-turquoise-border-color is-layout-constrained wp-container-core-group-is-layout-a666d811 wp-block-group-is-layout-constrained\" style=\"border-width:1px;border-radius:4px;padding-top:var(--wp--preset--spacing--40);padding-right:var(--wp--preset--spacing--40);padding-bottom:var(--wp--preset--spacing--40);padding-left:var(--wp--preset--spacing--40)\">\n<p class=\"has-text-align-center\"><strong>In der Nebensaison<\/strong><br>Vermietung von mindestens 2 N\u00e4chten<\/p>\n\n\n\n<figure class=\"wp-block-image aligncenter size-full mt-0\"><img loading=\"lazy\" decoding=\"async\" width=\"51\" height=\"8\" src=\"https:\/\/www.campinglarenaudiere.com\/wp-content\/uploads\/2022\/01\/barre-orange.png\" alt=\"\" class=\"wp-image-2726\"\/><\/figure>\n\n\n\n<p class=\"has-text-align-center\" style=\"margin-top:var(--wp--preset--spacing--30);margin-right:0;margin-bottom:0;margin-left:0\"><strong>Im Sommer<\/strong><br>Mindestens 7 N\u00e4chte<br>An-\/Abreise am Mittwoch oder Samstag<br><\/p>\n<\/div>\n<\/div>\n<\/div>\n\n\n<p><ctv-product data-product-id=\"18451\" data-full=\"true\" ><\/ctv-product><\/p>\n\n\n\t\t<ctv-availability data-background-color=\"#FFFFFFFF\" data-begin-day=\"6\" data-product-id=\"18451\" data-month=\"\" data-show-full-months=\"true\"><\/ctv-availability>\r\n\t\t\n\n\n\n<p class=\"has-medium-font-size\" style=\"margin-top:0;margin-right:0;margin-bottom:0;margin-left:0\"><strong>Ihre Mobilheimvermietung in der N\u00e4he von Caen<\/strong><\/p>\n\n\n\n<figure class=\"wp-block-image size-full\"><img loading=\"lazy\" decoding=\"async\" width=\"50\" height=\"8\" src=\"https:\/\/www.campinglarenaudiere.com\/wp-content\/uploads\/2022\/01\/barre-bleue.png\" alt=\"\" class=\"wp-image-2627\"\/><\/figure>\n\n\n\t\t<ctv-availability data-background-color=\"#FFFFFFFF\" data-begin-day=\"3\" data-product-id=\"120137\" data-month=\"7\" data-show-full-months=\"false\"><\/ctv-availability>","protected":false},"parent":0,"menu_order":2,"template":"","class_list":["post-1265","hebergement","type-hebergement","status-publish","hentry"],"_links":{"self":[{"href":"https:\/\/mirabel-prairiesdelamer.com\/de\/wp-json\/wp\/v2\/hebergement\/1265","targetHints":{"allow":["GET"]}}],"collection":[{"href":"https:\/\/mirabel-prairiesdelamer.com\/de\/wp-json\/wp\/v2\/hebergement"}],"about":[{"href":"https:\/\/mirabel-prairiesdelamer.com\/de\/wp-json\/wp\/v2\/types\/hebergement"}],"version-history":[{"count":18,"href":"https:\/\/mirabel-prairiesdelamer.com\/de\/wp-json\/wp\/v2\/hebergement\/1265\/revisions"}],"predecessor-version":[{"id":18101,"href":"https:\/\/mirabel-prairiesdelamer.com\/de\/wp-json\/wp\/v2\/hebergement\/1265\/revisions\/18101"}],"wp:attachment":[{"href":"https:\/\/mirabel-prairiesdelamer.com\/de\/wp-json\/wp\/v2\/media?parent=1265"}],"curies":[{"name":"wp","href":"https:\/\/api.w.org\/{rel}","templated":true}]}}

<div class="wp-block-columns is-layout-flex wp-container-core-columns-is-layout-28f84493 wp-block-columns-is-layout-flex">
<div class="wp-block-column is-layout-flow wp-block-column-is-layout-flow" style="flex-basis:65%">
<p>Diese <strong>Mobilheim der neuesten Generation</strong> ist sehr angenehm für eine <strong>4-köpfige Familie</strong>s mit seinen großen Öffnungen, seiner ausgestatteten Küche, seinem Wohnzimmer mit seinem großen zentralen Salon.</p>



<p>Man fühlt sich dort wohl, die <strong>Elternschlafzimmer</strong> ist ebenfalls sehr geräumig. Sie verfügt außerdem über viel Stauraum für die Sachen der ganzen Familie.</p>



<p>Die <strong>zweite Kammer</strong> bietet 2 Einzelbetten, ideal für Kinder.<br><br>Eine <strong>halbüberdachte Terrasse</strong> bietet zahlreiche Möglichkeiten, die Mahlzeiten zu genießen oder mit der Familie bei einem Gesellschaftsspiel schöne Stunden zu verbringen!</p>



<p><em>nicht vertragliche Fotos</em></p>
</div>



<div class="wp-block-column is-layout-flow wp-block-column-is-layout-flow" style="flex-basis:35%">
<div class="wp-block-group has-border-color has-turquoise-border-color is-layout-constrained wp-container-core-group-is-layout-a666d811 wp-block-group-is-layout-constrained" style="border-width:1px;border-radius:4px;padding-top:var(--wp--preset--spacing--40);padding-right:var(--wp--preset--spacing--40);padding-bottom:var(--wp--preset--spacing--40);padding-left:var(--wp--preset--spacing--40)">
<p class="has-text-align-center"><strong>In der Nebensaison</strong><br>Vermietung von mindestens 2 Nächten</p>



<figure class="wp-block-image aligncenter size-full mt-0"><img loading="lazy" decoding="async" width="51" height="8" src="https://www.campinglarenaudiere.com/wp-content/uploads/2022/01/barre-orange.png" alt="" class="wp-image-2726"/></figure>



<p class="has-text-align-center" style="margin-top:var(--wp--preset--spacing--30);margin-right:0;margin-bottom:0;margin-left:0"><strong>Im Sommer</strong><br>Mindestens 7 Nächte<br>An-/Abreise am Mittwoch oder Samstag<br></p>
</div>
</div>
</div>


<p><ctv-product data-product-id="18451" data-full="true" ></ctv-product></p>


		<ctv-availability data-background-color="#FFFFFFFF" data-begin-day="6" data-product-id="18451" data-month="" data-show-full-months="true"></ctv-availability>
		



<p class="has-medium-font-size" style="margin-top:0;margin-right:0;margin-bottom:0;margin-left:0"><strong>Ihre Mobilheimvermietung in der Nähe von Caen</strong></p>



<figure class="wp-block-image size-full"><img loading="lazy" decoding="async" width="50" height="8" src="https://www.campinglarenaudiere.com/wp-content/uploads/2022/01/barre-bleue.png" alt="" class="wp-image-2627"/></figure>


		<ctv-availability data-background-color="#FFFFFFFF" data-begin-day="3" data-product-id="120137" data-month="7" data-show-full-months="false"></ctv-availability>
